{"id":64,"date":"2022-09-09T09:17:44","date_gmt":"2022-09-09T09:17:44","guid":{"rendered":"http:\/\/v2022.mobiliteplus-accessibilite.fr\/?page_id=64"},"modified":"2022-09-09T09:17:44","modified_gmt":"2022-09-09T09:17:44","slug":"devis","status":"publish","type":"page","link":"https:\/\/www.mobiliteplus-accessibilite.fr\/?page_id=64","title":{"rendered":"Devis"},"content":{"rendered":"\n<div class=\"wp-block-contact-form-7-contact-form-selector\">\n<div class=\"wpcf7 no-js\" id=\"wpcf7-f61-o1\" lang=\"fr-FR\" dir=\"ltr\" data-wpcf7-id=\"61\">\n<div class=\"screen-reader-response\"><p role=\"status\" aria-live=\"polite\" aria-atomic=\"true\"><\/p> <ul><\/ul><\/div>\n<form action=\"\/index.php?rest_route=%2Fwp%2Fv2%2Fpages%2F64#wpcf7-f61-o1\" method=\"post\" class=\"wpcf7-form init\" aria-label=\"Formulaire de contact\" novalidate=\"novalidate\" data-status=\"init\">\n<fieldset class=\"hidden-fields-container\"><input type=\"hidden\" name=\"_wpcf7\" value=\"61\" \/><input type=\"hidden\" name=\"_wpcf7_version\" value=\"6.1.5\" \/><input type=\"hidden\" name=\"_wpcf7_locale\" value=\"fr_FR\" \/><input type=\"hidden\" name=\"_wpcf7_unit_tag\" value=\"wpcf7-f61-o1\" \/><input type=\"hidden\" name=\"_wpcf7_container_post\" value=\"0\" \/><input type=\"hidden\" name=\"_wpcf7_posted_data_hash\" value=\"\" \/>\n<\/fieldset>\n<p><span class=\"wpcf7-form-control-wrap\" data-name=\"your-name\"><input size=\"40\" maxlength=\"400\" class=\"wpcf7-form-control wpcf7-text wpcf7-validates-as-required\" aria-required=\"true\" aria-invalid=\"false\" placeholder=\"Nom\" value=\"\" type=\"text\" name=\"your-name\" \/><\/span>\n<\/p>\n<p><span class=\"wpcf7-form-control-wrap\" data-name=\"your-email\"><input size=\"40\" maxlength=\"400\" class=\"wpcf7-form-control wpcf7-email wpcf7-validates-as-required wpcf7-text wpcf7-validates-as-email\" aria-required=\"true\" aria-invalid=\"false\" placeholder=\"Email\" value=\"\" type=\"email\" name=\"your-email\" \/><\/span>\n<\/p>\n<p><span class=\"wpcf7-form-control-wrap\" data-name=\"your-phone\"><input size=\"40\" maxlength=\"400\" class=\"wpcf7-form-control wpcf7-tel wpcf7-validates-as-required wpcf7-text wpcf7-validates-as-tel\" aria-required=\"true\" aria-invalid=\"false\" placeholder=\"T\u00e9l\u00e9phone\" value=\"\" type=\"tel\" name=\"your-phone\" \/><\/span>\n<\/p>\n<p><span class=\"wpcf7-form-control-wrap\" data-name=\"adresse\"><input size=\"40\" maxlength=\"400\" class=\"wpcf7-form-control wpcf7-text wpcf7-validates-as-required\" aria-required=\"true\" aria-invalid=\"false\" placeholder=\"Adresse\" value=\"\" type=\"text\" name=\"adresse\" \/><\/span>\n<\/p>\n<div class=\"fields-2\">\n\t<p><span class=\"wpcf7-form-control-wrap\" data-name=\"cp\"><input size=\"40\" maxlength=\"400\" class=\"wpcf7-form-control wpcf7-text wpcf7-validates-as-required\" aria-required=\"true\" aria-invalid=\"false\" placeholder=\"Code postal\" value=\"\" type=\"text\" name=\"cp\" \/><\/span><br \/>\n<span class=\"wpcf7-form-control-wrap\" data-name=\"ville\"><input size=\"40\" maxlength=\"400\" class=\"wpcf7-form-control wpcf7-text wpcf7-validates-as-required\" aria-required=\"true\" aria-invalid=\"false\" placeholder=\"Ville\" value=\"\" type=\"text\" name=\"ville\" \/><\/span>\n\t<\/p>\n<\/div>\n<p><label>Par quels produits \u00eates-vous int\u00e9ress\u00e9s ?<br \/>\n<span class=\"wpcf7-form-control-wrap\" data-name=\"post_image_select-481\"><select class=\"wpcf7-form-control wpcf7-select post-image\" aria-invalid=\"false\" allow-clear=\"false\" search-box=\"false\" name=\"post_image_select-481\" placeholder=\"&#8212;Veuillez choisir une option&#8212;\"><option value=\"\" data-id=\"1349\" data-image=\"https:\/\/www.mobiliteplus-accessibilite.fr\/wp-content\/uploads\/2026\/02\/eliva-80x80.jpg\" data-width=\"80\" data-excerpt=\"Le monte escalier Eliva est un fauteuil monte escalier courbe confortable et silencieux, \u00e9quip\u00e9 d\u2019un double rail, d\u2019une ceinture de s\u00e9curit\u00e9 \u00e0 enrouleur, d\u2019un joystick intuitif et d\u2019un large choix de finitions pour s\u2019int\u00e9grer parfaitement \u00e0 votre int\u00e9rieur.\" data-meta=\"\"><\/option><option value=\"A4\" data-id=\"23\" data-image=\"https:\/\/www.mobiliteplus-accessibilite.fr\/wp-content\/uploads\/2022\/08\/a4-12.jpg\" data-width=\"80\" data-excerpt=\"\u00c9l\u00e9vateur PMR A4 400 kg : \u00e0 vis, pyl\u00f4ne autoporteur sans gaine ma\u00e7onn\u00e9e, fosse 5 cm. Installation facile public\/priv\u00e9, certifi\u00e9 CE EN 81-41.\" data-meta=\"\">A4<\/option><option value=\"Aritco 7000\" data-id=\"171\" data-image=\"https:\/\/www.mobiliteplus-accessibilite.fr\/wp-content\/uploads\/2022\/09\/Aritco-80x80.jpg\" data-width=\"80\" data-excerpt=\"Le Aritco 7000 est un \u00e9l\u00e9vateur PMR r\u00e9pondant aux normes ERP. Fiable, il s\u2019installe \u00e0 l\u2019int\u00e9rieur mais aussi en ext\u00e9rieur. Sp\u00e9cialement con\u00e7u pour les lieux publics et pour satisfaire \u00e0 toutes les exigences en termes de qualit\u00e9, de s\u00e9curit\u00e9 et de dur\u00e9e de vie, l\u2019\u00e9l\u00e9vateur Aritco 7000 s\u2019adapte \u00e9galement chez vous, dans les \u00e9coles, les\u2026\" data-meta=\"\">Aritco 7000<\/option><option value=\"Cama ML7\" data-id=\"149\" data-image=\"https:\/\/www.mobiliteplus-accessibilite.fr\/wp-content\/uploads\/2022\/09\/Cama-HL7.jpg\" data-width=\"80\" data-excerpt=\"La Cama ML7 est une plateforme vertical enti\u00e8rement automatique, qui vous permet de franchir un obstacle allant jusqu\u2019\u00e0 1500mm de haut dans un espace tr\u00e8s r\u00e9duit. Son plateau repliable automatique vous permet de lib\u00e9rer l\u2019espace et de stocker la plateforme le long de son mur d\u2019appuis en toute discr\u00e9tion.\" data-meta=\"\">Cama ML7<\/option><option value=\"Cibes A5000\" data-id=\"158\" data-image=\"https:\/\/www.mobiliteplus-accessibilite.fr\/wp-content\/uploads\/2022\/09\/Cibes-A5000-80x80.jpg\" data-width=\"80\" data-excerpt=\"Les \u00e9l\u00e9vateurs CIBES sont des \u00e9l\u00e9vateurs de grande qualit\u00e9. Fabriqu\u00e9s en Su\u00e8de, ceux-ci ne demandent pas de fosse et sont fournis avec leur gaine autoport\u00e9e. Un minimum de travaux est n\u00e9cessaire. Les CIBES A5000 sont des \u00e9l\u00e9vateurs au design raffin\u00e9. Modulable, le Cibes A5000 est un \u00e9l\u00e9vateur de grand confort qui s\u2019installe \u00e0 l\u2019int\u00e9rieur ou\/et\u2026\" data-meta=\"\">Cibes A5000<\/option><option value=\"E10\" data-id=\"141\" data-image=\"https:\/\/www.mobiliteplus-accessibilite.fr\/wp-content\/uploads\/2022\/09\/e10-4.jpg\" data-width=\"80\" data-excerpt=\"\u00c9l\u00e9vateur PMR E10 400 kg : plate-forme \u00e9lectrique sans salle des machines, \u00e9cologique (1,5 kW), installation int\u00e9rieure\/ext\u00e9rieure simplifi\u00e9e. Certifi\u00e9 CE EN 81-41.\" data-meta=\"\">E10<\/option><option value=\"Fauteuil PMR Piscine Swim Chair\" data-id=\"364\" data-image=\"https:\/\/www.mobiliteplus-accessibilite.fr\/wp-content\/uploads\/2022\/10\/1669025918574-80x80.jpg\" data-width=\"80\" data-excerpt=\"Le Fauteuil PMR piscine Swim Chair est fabriqu\u00e9 en France, et sp\u00e9cialement con\u00e7u pour l\u2019acc\u00e8s s\u00e9curis\u00e9 des personnes \u00e0 mobilit\u00e9 r\u00e9duite aux bassins. Ch\u00e2ssis inox 316L, assise et dossier en toile marine r\u00e9sistante aux UV, repose-pieds et accoudoirs escamotables pour faciliter les transferts. Id\u00e9al pour piscines publiques, campings, centres de r\u00e9\u00e9ducation et piscines priv\u00e9es.\" data-meta=\"\">Fauteuil PMR Piscine Swim Chair<\/option><option value=\"Flexstep\" data-id=\"101\" data-image=\"https:\/\/www.mobiliteplus-accessibilite.fr\/wp-content\/uploads\/2022\/09\/flexstep-6.jpg\" data-width=\"80\" data-excerpt=\"Ascenseur PMR FlexStep 400 kg : escalier hybride qui devient plateforme pour fauteuil. Installation facile, certifi\u00e9 CE, int\u00e9rieur\/ext\u00e9rieur.\" data-meta=\"\">Flexstep<\/option><option value=\"Handkit\" data-id=\"120\" data-image=\"https:\/\/www.mobiliteplus-accessibilite.fr\/wp-content\/uploads\/2022\/09\/Handkit-stand-3.jpg\" data-width=\"80\" data-excerpt=\"La plateforme \u00e9l\u00e9vatrice HandiKit PMR offre une charge utile de 400 kg gr\u00e2ce \u00e0 son syst\u00e8me hydraulique \u00e0 ciseaux. Elle assure une descente de secours automatique en cas de panne de courant. Disponible en version standard ou sur-mesure, elle s&#039;installe en int\u00e9rieur comme en ext\u00e9rieur. Cet appareil certifi\u00e9 CE r\u00e9pond aux besoins d&#039;accessibilit\u00e9 de tous\u2026\" data-meta=\"\">Handkit<\/option><option value=\"Liftboy\" data-id=\"1335\" data-image=\"https:\/\/www.mobiliteplus-accessibilite.fr\/wp-content\/uploads\/2026\/02\/Liftboy-mit-Tuer-an-oberer-Haltestelle-80x80.jpg\" data-width=\"80\" data-excerpt=\"La plateforme verticale Liftboy permet de franchir en toute s\u00e9curit\u00e9 des diff\u00e9rences de niveau jusqu\u2019\u00e0 1,40 m pour les personnes \u00e0 mobilit\u00e9 r\u00e9duite, en int\u00e9rieur comme en ext\u00e9rieur. Compacte, facile \u00e0 installer et disponible avec de nombreuses options, elle constitue une alternative \u00e9conomique \u00e0 l\u2019ascenseur traditionnel pour maisons individuelles et \u00e9tablissements recevant du public.\" data-meta=\"\">Liftboy<\/option><option value=\"LM-150\" data-id=\"185\" data-image=\"https:\/\/www.mobiliteplus-accessibilite.fr\/wp-content\/uploads\/2022\/09\/Ancrages-encastres-80x80.jpg\" data-width=\"80\" data-excerpt=\"La Plateforme hydraulique LM-150 (ex LM-EVO) est destin\u00e9e \u00e0 l\u2019accessibilit\u00e9 PMR piscine, et est fabriqu\u00e9e en France. Elle fonctionne sur r\u00e9seau d\u2019eau domestique (min. 3,5 bars), structure en inox 316L \u00e9lectropoli et PEHD, et est utilisable en fauteuil ou debout, accessible directement en fauteuil. Mise en place simple, d\u00e9pla\u00e7able d\u2019un bassin \u00e0 l\u2019autre, sans profondeur\u2026\" data-meta=\"\">LM-150<\/option><option value=\"Low Up\" data-id=\"110\" data-image=\"https:\/\/www.mobiliteplus-accessibilite.fr\/wp-content\/uploads\/2022\/09\/low_up-1.jpg\" data-width=\"80\" data-excerpt=\"L&#039;\u00e9l\u00e9vateur Low Up supporte 250 kg pour franchir des \u00e9carts jusqu&#039;\u00e0 50 cm. Il s&#039;installe en quelques heures sans cuvette ni gros travaux, int\u00e9rieur ou ext\u00e9rieur. Sa rampe relevable et son soufflet anti-pincement assurent une s\u00e9curit\u00e9 optimale. Mobilit\u00e9Plus intervient partout en France pour votre installation.\" data-meta=\"\">Low Up<\/option><option value=\"LP5 Plus\" data-id=\"93\" data-image=\"https:\/\/www.mobiliteplus-accessibilite.fr\/wp-content\/uploads\/2022\/09\/LP55.jpg\" data-width=\"80\" data-excerpt=\"Gr\u00e2ce \u00e0 son design unique et r\u00e9solument moderne, la plate-forme \u00e9l\u00e9vatrice Stepless LP5+ s\u2019int\u00e8gre facilement dans une vari\u00e9t\u00e9 d\u2019environnements diff\u00e9rents. La LP5+ permet le franchissement de niveaux jusqu\u2019\u00e0 875 mm aux utilisateurs de fauteuils roulants et aux personnes \u00e0 mobilit\u00e9 r\u00e9duite. La LP5+ poss\u00e8de un garde-corps haut garni de mat\u00e9riau transparent, et un portillon de\u2026\" data-meta=\"\">LP5 Plus<\/option><option value=\"Monte escalier Flow X\" data-id=\"1342\" data-image=\"https:\/\/www.mobiliteplus-accessibilite.fr\/wp-content\/uploads\/2026\/02\/Monte-escalier-Flow-X-2-80x80.jpg\" data-width=\"80\" data-excerpt=\"Le monte-escalier Flow X est un monte-escalier courbe monorail haut de gamme, con\u00e7u pour s\u2019adapter aux escaliers les plus \u00e9troits tout en offrant un confort d\u2019assise exceptionnel, une technologie de pivotement automatique ASL et un niveau de s\u00e9curit\u00e9 conforme aux normes europ\u00e9ennes pour vos d\u00e9placements \u00e0 domicile.\" data-meta=\"\">Monte escalier Flow X<\/option><option value=\"Strategos\" data-id=\"84\" data-image=\"https:\/\/www.mobiliteplus-accessibilite.fr\/wp-content\/uploads\/2022\/09\/strategos-5.jpg\" data-width=\"80\" data-excerpt=\"L&#039;\u00e9l\u00e9vateur \u00e9lectrique Strat\u00e9gos d\u00e9livre 400 kg de charge utile gr\u00e2ce \u00e0 son syst\u00e8me \u00e0 double vis sans fin. Le variateur de fr\u00e9quence assure des arr\u00eats pr\u00e9cis et un mouvement fluide. Enti\u00e8rement galvanis\u00e9, il r\u00e9siste aux conditions ext\u00e9rieures.\u00a0Mobilit\u00e9 Plus intervient sur tout le territoire fran\u00e7ais\u00a0pour son installation. &nbsp;\" data-meta=\"\">Strategos<\/option><option value=\"Terry Mobile\" data-id=\"67\" data-image=\"https:\/\/www.mobiliteplus-accessibilite.fr\/wp-content\/uploads\/2022\/09\/Terry-Mobile-3.jpg\" data-width=\"80\" data-excerpt=\"La plateforme \u00e9l\u00e9vatrice Terry Lift Mobile est la solution id\u00e9ale pour permettre un acc\u00e8s temporaire pour les fauteuils roulants \u00e0 une sc\u00e8ne ou \u00e0 une estrade dans les \u00e9coles, les th\u00e9\u00e2tres ou les salles des f\u00eates. Cet appareil \u00e0 la facult\u00e9 d\u2019\u00eatre repliable et totalement mobile pour pouvoir \u00eatre d\u00e9plac\u00e9 et rang\u00e9\u00a0 apr\u00e8s son utilisation.\u2026\" data-meta=\"\">Terry Mobile<\/option><\/select><\/span><br \/>\n<\/label>\n<\/p>\n<p><span class=\"wpcf7-form-control-wrap\" data-name=\"your-message\"><textarea cols=\"40\" rows=\"10\" maxlength=\"2000\" class=\"wpcf7-form-control wpcf7-textarea wpcf7-validates-as-required\" aria-required=\"true\" aria-invalid=\"false\" placeholder=\"Message\" name=\"your-message\"><\/textarea><\/span>\n<\/p>\n<p><input class=\"wpcf7-form-control wpcf7-submit has-spinner\" type=\"submit\" value=\"Envoyer le message\" \/>\n<\/p><div class=\"wpcf7-response-output\" aria-hidden=\"true\"><\/div>\n<\/form>\n<\/div>\n<\/div>\n","protected":false},"excerpt":{"rendered":"","protected":false},"author":1,"featured_media":0,"parent":0,"menu_order":0,"comment_status":"closed","ping_status":"closed","template":"","meta":{"_uag_custom_page_level_css":"","site-sidebar-layout":"default","site-content-layout":"","ast-site-content-layout":"default","site-content-style":"default","site-sidebar-style":"default","ast-global-header-display":"","ast-banner-title-visibility":"","ast-main-header-display":"","ast-hfb-above-header-display":"","ast-hfb-below-header-display":"","ast-hfb-mobile-header-display":"","site-post-title":"","ast-breadcrumbs-content":"","ast-featured-img":"","footer-sml-layout":"","ast-disable-related-posts":"","theme-transparent-header-meta":"","adv-header-id-meta":"","stick-header-meta":"","header-above-stick-meta":"","header-main-stick-meta":"","header-below-stick-meta":"","astra-migrate-meta-layouts":"default","ast-page-background-enabled":"default","ast-page-background-meta":{"desktop":{"background-color":"var(--ast-global-color-4)","background-image":"","background-repeat":"repeat","background-position":"center center","background-size":"auto","background-attachment":"scroll","background-type":"","background-media":"","overlay-type":"","overlay-color":"","overlay-opacity":"","overlay-gradient":""},"tablet":{"background-color":"","background-image":"","background-repeat":"repeat","background-position":"center center","background-size":"auto","background-attachment":"scroll","background-type":"","background-media":"","overlay-type":"","overlay-color":"","overlay-opacity":"","overlay-gradient":""},"mobile":{"background-color":"","background-image":"","background-repeat":"repeat","background-position":"center center","background-size":"auto","background-attachment":"scroll","background-type":"","background-media":"","overlay-type":"","overlay-color":"","overlay-opacity":"","overlay-gradient":""}},"ast-content-background-meta":{"desktop":{"background-color":"var(--ast-global-color-5)","background-image":"","background-repeat":"repeat","background-position":"center center","background-size":"auto","background-attachment":"scroll","background-type":"","background-media":"","overlay-type":"","overlay-color":"","overlay-opacity":"","overlay-gradient":""},"tablet":{"background-color":"var(--ast-global-color-5)","background-image":"","background-repeat":"repeat","background-position":"center center","background-size":"auto","background-attachment":"scroll","background-type":"","background-media":"","overlay-type":"","overlay-color":"","overlay-opacity":"","overlay-gradient":""},"mobile":{"background-color":"var(--ast-global-color-5)","background-image":"","background-repeat":"repeat","background-position":"center center","background-size":"auto","background-attachment":"scroll","background-type":"","background-media":"","overlay-type":"","overlay-color":"","overlay-opacity":"","overlay-gradient":""}},"footnotes":""},"class_list":["post-64","page","type-page","status-publish","hentry"],"yoast_head":"<!-- This site is optimized with the Yoast SEO plugin v27.4 - https:\/\/yoast.com\/product\/yoast-seo-wordpress\/ -->\n<title>Devis -<\/title>\n<meta name=\"robots\" content=\"index, follow, max-snippet:-1, max-image-preview:large, max-video-preview:-1\" \/>\n<link rel=\"canonical\" href=\"https:\/\/www.mobiliteplus-accessibilite.fr\/?page_id=64\" \/>\n<meta property=\"og:locale\" content=\"fr_FR\" \/>\n<meta property=\"og:type\" content=\"article\" \/>\n<meta property=\"og:title\" content=\"Devis -\" \/>\n<meta property=\"og:url\" content=\"https:\/\/www.mobiliteplus-accessibilite.fr\/?page_id=64\" \/>\n<meta name=\"twitter:card\" content=\"summary_large_image\" \/>\n<script type=\"application\/ld+json\" class=\"yoast-schema-graph\">{\"@context\":\"https:\\\/\\\/schema.org\",\"@graph\":[{\"@type\":\"WebPage\",\"@id\":\"https:\\\/\\\/www.mobiliteplus-accessibilite.fr\\\/?page_id=64\",\"url\":\"https:\\\/\\\/www.mobiliteplus-accessibilite.fr\\\/?page_id=64\",\"name\":\"Devis -\",\"isPartOf\":{\"@id\":\"https:\\\/\\\/www.mobiliteplus-accessibilite.fr\\\/#website\"},\"datePublished\":\"2022-09-09T09:17:44+00:00\",\"breadcrumb\":{\"@id\":\"https:\\\/\\\/www.mobiliteplus-accessibilite.fr\\\/?page_id=64#breadcrumb\"},\"inLanguage\":\"fr-FR\",\"potentialAction\":[{\"@type\":\"ReadAction\",\"target\":[\"https:\\\/\\\/www.mobiliteplus-accessibilite.fr\\\/?page_id=64\"]}]},{\"@type\":\"BreadcrumbList\",\"@id\":\"https:\\\/\\\/www.mobiliteplus-accessibilite.fr\\\/?page_id=64#breadcrumb\",\"itemListElement\":[{\"@type\":\"ListItem\",\"position\":1,\"name\":\"Accueil\",\"item\":\"https:\\\/\\\/www.mobiliteplus-accessibilite.fr\\\/\"},{\"@type\":\"ListItem\",\"position\":2,\"name\":\"Devis\"}]},{\"@type\":\"WebSite\",\"@id\":\"https:\\\/\\\/www.mobiliteplus-accessibilite.fr\\\/#website\",\"url\":\"https:\\\/\\\/www.mobiliteplus-accessibilite.fr\\\/\",\"name\":\"Mobilit\u00e9 Plus Accessibilit\u00e9\",\"description\":\"Mobilit\u00e9Plus Accessibilit\u00e9\",\"publisher\":{\"@id\":\"https:\\\/\\\/www.mobiliteplus-accessibilite.fr\\\/#organization\"},\"potentialAction\":[{\"@type\":\"SearchAction\",\"target\":{\"@type\":\"EntryPoint\",\"urlTemplate\":\"https:\\\/\\\/www.mobiliteplus-accessibilite.fr\\\/?s={search_term_string}\"},\"query-input\":{\"@type\":\"PropertyValueSpecification\",\"valueRequired\":true,\"valueName\":\"search_term_string\"}}],\"inLanguage\":\"fr-FR\"},{\"@type\":\"Organization\",\"@id\":\"https:\\\/\\\/www.mobiliteplus-accessibilite.fr\\\/#organization\",\"name\":\"Mobilit\u00e9 Plus Accessibilit\u00e9\",\"url\":\"https:\\\/\\\/www.mobiliteplus-accessibilite.fr\\\/\",\"logo\":{\"@type\":\"ImageObject\",\"inLanguage\":\"fr-FR\",\"@id\":\"https:\\\/\\\/www.mobiliteplus-accessibilite.fr\\\/#\\\/schema\\\/logo\\\/image\\\/\",\"url\":\"https:\\\/\\\/www.mobiliteplus-accessibilite.fr\\\/wp-content\\\/uploads\\\/2022\\\/09\\\/cropped-Logo-M-Accessibilite-scaled.png\",\"contentUrl\":\"https:\\\/\\\/www.mobiliteplus-accessibilite.fr\\\/wp-content\\\/uploads\\\/2022\\\/09\\\/cropped-Logo-M-Accessibilite-scaled.png\",\"width\":2560,\"height\":708,\"caption\":\"Mobilit\u00e9 Plus Accessibilit\u00e9\"},\"image\":{\"@id\":\"https:\\\/\\\/www.mobiliteplus-accessibilite.fr\\\/#\\\/schema\\\/logo\\\/image\\\/\"}}]}<\/script>\n<!-- \/ Yoast SEO plugin. -->","yoast_head_json":{"title":"Devis -","robots":{"index":"index","follow":"follow","max-snippet":"max-snippet:-1","max-image-preview":"max-image-preview:large","max-video-preview":"max-video-preview:-1"},"canonical":"https:\/\/www.mobiliteplus-accessibilite.fr\/?page_id=64","og_locale":"fr_FR","og_type":"article","og_title":"Devis -","og_url":"https:\/\/www.mobiliteplus-accessibilite.fr\/?page_id=64","twitter_card":"summary_large_image","schema":{"@context":"https:\/\/schema.org","@graph":[{"@type":"WebPage","@id":"https:\/\/www.mobiliteplus-accessibilite.fr\/?page_id=64","url":"https:\/\/www.mobiliteplus-accessibilite.fr\/?page_id=64","name":"Devis -","isPartOf":{"@id":"https:\/\/www.mobiliteplus-accessibilite.fr\/#website"},"datePublished":"2022-09-09T09:17:44+00:00","breadcrumb":{"@id":"https:\/\/www.mobiliteplus-accessibilite.fr\/?page_id=64#breadcrumb"},"inLanguage":"fr-FR","potentialAction":[{"@type":"ReadAction","target":["https:\/\/www.mobiliteplus-accessibilite.fr\/?page_id=64"]}]},{"@type":"BreadcrumbList","@id":"https:\/\/www.mobiliteplus-accessibilite.fr\/?page_id=64#breadcrumb","itemListElement":[{"@type":"ListItem","position":1,"name":"Accueil","item":"https:\/\/www.mobiliteplus-accessibilite.fr\/"},{"@type":"ListItem","position":2,"name":"Devis"}]},{"@type":"WebSite","@id":"https:\/\/www.mobiliteplus-accessibilite.fr\/#website","url":"https:\/\/www.mobiliteplus-accessibilite.fr\/","name":"Mobilit\u00e9 Plus Accessibilit\u00e9","description":"Mobilit\u00e9Plus Accessibilit\u00e9","publisher":{"@id":"https:\/\/www.mobiliteplus-accessibilite.fr\/#organization"},"potentialAction":[{"@type":"SearchAction","target":{"@type":"EntryPoint","urlTemplate":"https:\/\/www.mobiliteplus-accessibilite.fr\/?s={search_term_string}"},"query-input":{"@type":"PropertyValueSpecification","valueRequired":true,"valueName":"search_term_string"}}],"inLanguage":"fr-FR"},{"@type":"Organization","@id":"https:\/\/www.mobiliteplus-accessibilite.fr\/#organization","name":"Mobilit\u00e9 Plus Accessibilit\u00e9","url":"https:\/\/www.mobiliteplus-accessibilite.fr\/","logo":{"@type":"ImageObject","inLanguage":"fr-FR","@id":"https:\/\/www.mobiliteplus-accessibilite.fr\/#\/schema\/logo\/image\/","url":"https:\/\/www.mobiliteplus-accessibilite.fr\/wp-content\/uploads\/2022\/09\/cropped-Logo-M-Accessibilite-scaled.png","contentUrl":"https:\/\/www.mobiliteplus-accessibilite.fr\/wp-content\/uploads\/2022\/09\/cropped-Logo-M-Accessibilite-scaled.png","width":2560,"height":708,"caption":"Mobilit\u00e9 Plus Accessibilit\u00e9"},"image":{"@id":"https:\/\/www.mobiliteplus-accessibilite.fr\/#\/schema\/logo\/image\/"}}]}},"uagb_featured_image_src":{"full":false,"thumbnail":false,"medium":false,"medium_large":false,"large":false,"1536x1536":false,"2048x2048":false,"wpcf7-post-image":false,"woocommerce_thumbnail":false,"woocommerce_single":false,"woocommerce_gallery_thumbnail":false},"uagb_author_info":{"display_name":"vnxko","author_link":"https:\/\/www.mobiliteplus-accessibilite.fr\/?author=1"},"uagb_comment_info":0,"uagb_excerpt":null,"jetpack_sharing_enabled":true,"_links":{"self":[{"href":"https:\/\/www.mobiliteplus-accessibilite.fr\/index.php?rest_route=\/wp\/v2\/pages\/64","targetHints":{"allow":["GET"]}}],"collection":[{"href":"https:\/\/www.mobiliteplus-accessibilite.fr\/index.php?rest_route=\/wp\/v2\/pages"}],"about":[{"href":"https:\/\/www.mobiliteplus-accessibilite.fr\/index.php?rest_route=\/wp\/v2\/types\/page"}],"author":[{"embeddable":true,"href":"https:\/\/www.mobiliteplus-accessibilite.fr\/index.php?rest_route=\/wp\/v2\/users\/1"}],"replies":[{"embeddable":true,"href":"https:\/\/www.mobiliteplus-accessibilite.fr\/index.php?rest_route=%2Fwp%2Fv2%2Fcomments&post=64"}],"version-history":[{"count":1,"href":"https:\/\/www.mobiliteplus-accessibilite.fr\/index.php?rest_route=\/wp\/v2\/pages\/64\/revisions"}],"predecessor-version":[{"id":65,"href":"https:\/\/www.mobiliteplus-accessibilite.fr\/index.php?rest_route=\/wp\/v2\/pages\/64\/revisions\/65"}],"wp:attachment":[{"href":"https:\/\/www.mobiliteplus-accessibilite.fr\/index.php?rest_route=%2Fwp%2Fv2%2Fmedia&parent=64"}],"curies":[{"name":"wp","href":"https:\/\/api.w.org\/{rel}","templated":true}]}}